Last updated on 2022-04-24 03:52:39 CEST.
Flavor | Version | Tinstall | Tcheck | Ttotal | Status | Flags |
---|---|---|---|---|---|---|
r-devel-linux-x86_64-debian-clang | 1.0.1 | 114.11 | 471.91 | 586.02 | OK | |
r-devel-linux-x86_64-debian-gcc | 1.0.1 | 91.65 | 341.10 | 432.75 | OK | |
r-devel-linux-x86_64-fedora-clang | 1.0.1 | 723.66 | NOTE | |||
r-devel-linux-x86_64-fedora-gcc | 1.0.1 | 676.70 | OK | |||
r-patched-linux-x86_64 | 1.0.1 | 98.43 | 447.01 | 545.44 | OK | |
r-release-linux-x86_64 | 1.0.1 | 91.84 | 448.41 | 540.25 | OK | |
r-release-macos-arm64 | 1.0.1 | NOTE | ||||
r-release-macos-x86_64 | 1.0.1 | NOTE | ||||
r-release-windows-x86_64 | 1.0.1 | 244.00 | 557.00 | 801.00 | NOTE | |
r-oldrel-macos-arm64 | 1.0.1 | NOTE | ||||
r-oldrel-macos-x86_64 | 1.0.1 | NOTE | ||||
r-oldrel-windows-ix86+x86_64 | 1.0.1 | 211.00 | 871.00 | 1082.00 | NOTE |
Version: 1.0.1
Check: installed package size
Result: NOTE
installed size is 13.2Mb
sub-directories of 1Mb or more:
doc 1.2Mb
help 1.0Mb
libs 10.5Mb
Flavors: r-devel-linux-x86_64-fedora-clang, r-release-macos-arm64, r-release-macos-x86_64, r-release-windows-x86_64, r-oldrel-macos-arm64, r-oldrel-macos-x86_64, r-oldrel-windows-ix86+x86_64