Last updated on 2022-04-24 03:52:39 CEST.
| Flavor | Version | Tinstall | Tcheck | Ttotal | Status | Flags | 
|---|---|---|---|---|---|---|
| r-devel-linux-x86_64-debian-clang | 1.1 | 7.14 | 73.70 | 80.84 | NOTE | |
| r-devel-linux-x86_64-debian-gcc | 1.1 | 7.05 | 55.93 | 62.98 | NOTE | |
| r-devel-linux-x86_64-fedora-clang | 1.1 | 97.46 | NOTE | |||
| r-devel-linux-x86_64-fedora-gcc | 1.1 | 86.18 | NOTE | |||
| r-patched-linux-x86_64 | 1.1 | 8.73 | 71.93 | 80.66 | NOTE | |
| r-release-linux-x86_64 | 1.1 | 7.11 | 67.22 | 74.33 | NOTE | |
| r-release-macos-arm64 | 1.1 | NOTE | ||||
| r-release-macos-x86_64 | 1.1 | NOTE | ||||
| r-release-windows-x86_64 | 1.1 | 10.00 | 85.00 | 95.00 | NOTE | |
| r-oldrel-macos-arm64 | 1.1 | NOTE | ||||
| r-oldrel-macos-x86_64 | 1.1 | NOTE | ||||
| r-oldrel-windows-ix86+x86_64 | 1.1 | 17.00 | 77.00 | 94.00 | NOTE | 
Version: 1.1
Check: dependencies in R code
Result: NOTE
    Package in Depends field not imported from: 'survey'
      These packages need to be imported from (in the NAMESPACE file)
      for when this namespace is loaded but not attached.
Flavors: r-devel-linux-x86_64-debian-clang, r-devel-linux-x86_64-debian-gcc, r-devel-linux-x86_64-fedora-clang, r-devel-linux-x86_64-fedora-gcc, r-patched-linux-x86_64, r-release-linux-x86_64, r-release-macos-arm64, r-release-macos-x86_64, r-release-windows-x86_64, r-oldrel-macos-arm64, r-oldrel-macos-x86_64, r-oldrel-windows-ix86+x86_64
Version: 1.1
Check: R code for possible problems
Result: NOTE
    fit.model: no visible global function definition for 'hadamard'
    Undefined global functions or variables:
      hadamard
Flavors: r-devel-linux-x86_64-debian-clang, r-devel-linux-x86_64-debian-gcc, r-devel-linux-x86_64-fedora-clang, r-devel-linux-x86_64-fedora-gcc, r-patched-linux-x86_64, r-release-linux-x86_64, r-release-macos-arm64, r-release-macos-x86_64, r-release-windows-x86_64, r-oldrel-macos-arm64, r-oldrel-macos-x86_64, r-oldrel-windows-ix86+x86_64