Last updated on 2022-04-24 03:52:39 CEST.
Flavor | Version | Tinstall | Tcheck | Ttotal | Status | Flags |
---|---|---|---|---|---|---|
r-devel-linux-x86_64-debian-clang | 0.8.0 | 4.83 | 38.30 | 43.13 | OK | |
r-devel-linux-x86_64-debian-gcc | 0.8.0 | 3.57 | 29.09 | 32.66 | OK | |
r-devel-linux-x86_64-fedora-clang | 0.8.0 | 54.49 | OK | |||
r-devel-linux-x86_64-fedora-gcc | 0.8.0 | 42.71 | OK | |||
r-patched-linux-x86_64 | 0.8.0 | 4.36 | 35.91 | 40.27 | OK | |
r-release-linux-x86_64 | 0.8.0 | 4.29 | 35.93 | 40.22 | OK | |
r-release-macos-arm64 | 0.8.0 | OK | ||||
r-release-macos-x86_64 | 0.8.0 | OK | ||||
r-release-windows-x86_64 | 0.8.0 | 26.00 | 86.00 | 112.00 | OK | |
r-oldrel-macos-arm64 | 0.8.0 | OK | ||||
r-oldrel-macos-x86_64 | 0.8.0 | OK | ||||
r-oldrel-windows-ix86+x86_64 | 0.8.0 | 32.00 | 74.00 | 106.00 | NOTE |
Version: 0.8.0
Check: installed package size
Result: NOTE
installed size is 6.8Mb
sub-directories of 1Mb or more:
doc 1.0Mb
libs 5.6Mb
Flavor: r-oldrel-windows-ix86+x86_64