Last updated on 2022-04-24 03:52:39 CEST.
Flavor | Version | Tinstall | Tcheck | Ttotal | Status | Flags |
---|---|---|---|---|---|---|
r-devel-linux-x86_64-debian-clang | 0.1.0 | 2.85 | 44.35 | 47.20 | NOTE | |
r-devel-linux-x86_64-debian-gcc | 0.1.0 | 2.49 | 33.64 | 36.13 | NOTE | |
r-devel-linux-x86_64-fedora-clang | 0.1.0 | 57.14 | NOTE | |||
r-devel-linux-x86_64-fedora-gcc | 0.1.0 | 43.86 | NOTE | |||
r-patched-linux-x86_64 | 0.1.0 | 2.36 | 42.57 | 44.93 | NOTE | |
r-release-linux-x86_64 | 0.1.0 | 2.23 | 40.61 | 42.84 | NOTE | |
r-release-macos-arm64 | 0.1.0 | NOTE | ||||
r-release-macos-x86_64 | 0.1.0 | NOTE | ||||
r-release-windows-x86_64 | 0.1.0 | 12.00 | 58.00 | 70.00 | NOTE | |
r-oldrel-macos-arm64 | 0.1.0 | NOTE | ||||
r-oldrel-macos-x86_64 | 0.1.0 | NOTE | ||||
r-oldrel-windows-ix86+x86_64 | 0.1.0 | 7.00 | 50.00 | 57.00 | OK |
Version: 0.1.0
Check: package dependencies
Result: NOTE
Package suggested but not available for checking: 'scanstatistics'
Flavors: r-devel-linux-x86_64-debian-clang, r-devel-linux-x86_64-debian-gcc, r-devel-linux-x86_64-fedora-clang, r-devel-linux-x86_64-fedora-gcc, r-patched-linux-x86_64, r-release-linux-x86_64, r-release-macos-arm64, r-release-macos-x86_64, r-release-windows-x86_64, r-oldrel-macos-arm64, r-oldrel-macos-x86_64