Last updated on 2022-04-24 03:52:39 CEST.
Flavor | Version | Tinstall | Tcheck | Ttotal | Status | Flags |
---|---|---|---|---|---|---|
r-devel-linux-x86_64-debian-clang | 1.0 | 2.27 | 30.55 | 32.82 | NOTE | |
r-devel-linux-x86_64-debian-gcc | 1.0 | 1.58 | 24.11 | 25.69 | NOTE | |
r-devel-linux-x86_64-fedora-clang | 1.0 | 40.69 | NOTE | |||
r-devel-linux-x86_64-fedora-gcc | 1.0 | 29.33 | NOTE | |||
r-patched-linux-x86_64 | 1.0 | 1.82 | 30.52 | 32.34 | NOTE | |
r-release-linux-x86_64 | 1.0 | 1.83 | 29.37 | 31.20 | NOTE | |
r-release-macos-arm64 | 1.0 | NOTE | ||||
r-release-macos-x86_64 | 1.0 | NOTE | ||||
r-release-windows-x86_64 | 1.0 | 11.00 | 44.00 | 55.00 | NOTE | |
r-oldrel-macos-arm64 | 1.0 | NOTE | ||||
r-oldrel-macos-x86_64 | 1.0 | NOTE | ||||
r-oldrel-windows-ix86+x86_64 | 1.0 | 4.00 | 26.00 | 30.00 | NOTE |
Version: 1.0
Check: DESCRIPTION meta-information
Result: NOTE
Malformed Description field: should contain one or more complete sentences.
Flavors: r-devel-linux-x86_64-debian-clang, r-devel-linux-x86_64-debian-gcc, r-devel-linux-x86_64-fedora-clang, r-devel-linux-x86_64-fedora-gcc, r-patched-linux-x86_64, r-release-linux-x86_64, r-release-macos-arm64, r-release-macos-x86_64, r-release-windows-x86_64, r-oldrel-macos-arm64, r-oldrel-macos-x86_64, r-oldrel-windows-ix86+x86_64
Version: 1.0
Check: R code for possible problems
Result: NOTE
error.est : <anonymous>: no visible global function definition for
'median'
holm.robust: no visible global function definition for 'pnorm'
holm.robust: no visible global function definition for 'median'
holm.robust: no visible global function definition for 'mad'
huberize: no visible global function definition for 'quantile'
ssvd.initial: no visible global function definition for 'mad'
ssvd.iter.thresh: no visible global function definition for 'mad'
Undefined global functions or variables:
mad median pnorm quantile
Consider adding
importFrom("stats", "mad", "median", "pnorm", "quantile")
to your NAMESPACE file.
Flavors: r-devel-linux-x86_64-debian-clang, r-devel-linux-x86_64-debian-gcc, r-devel-linux-x86_64-fedora-clang, r-devel-linux-x86_64-fedora-gcc, r-patched-linux-x86_64, r-release-linux-x86_64, r-release-macos-arm64, r-release-macos-x86_64, r-release-windows-x86_64, r-oldrel-macos-arm64, r-oldrel-macos-x86_64, r-oldrel-windows-ix86+x86_64