Last updated on 2022-04-24 03:52:39 CEST.
Flavor | Version | Tinstall | Tcheck | Ttotal | Status | Flags |
---|---|---|---|---|---|---|
r-devel-linux-x86_64-debian-clang | 1.5.7 | 16.52 | 113.93 | 130.45 | OK | |
r-devel-linux-x86_64-debian-gcc | 1.5.7 | 14.26 | 85.38 | 99.64 | OK | |
r-devel-linux-x86_64-fedora-clang | 1.5.7 | 158.59 | OK | |||
r-devel-linux-x86_64-fedora-gcc | 1.5.7 | 2.75 | ERROR | |||
r-patched-linux-x86_64 | 1.5.7 | 14.07 | 107.92 | 121.99 | OK | |
r-release-linux-x86_64 | 1.5.7 | 14.59 | 106.34 | 120.93 | OK | |
r-release-macos-arm64 | 1.5.7 | OK | ||||
r-release-macos-x86_64 | 1.5.7 | OK | ||||
r-release-windows-x86_64 | 1.5.7 | 32.00 | 131.00 | 163.00 | OK | |
r-oldrel-macos-arm64 | 1.5.7 | OK | ||||
r-oldrel-macos-x86_64 | 1.5.7 | OK | ||||
r-oldrel-windows-ix86+x86_64 | 1.5.7 | 29.00 | 120.00 | 149.00 | OK |
Version: 1.5.7
Check: package dependencies
Result: ERROR
Package required but not available: ‘GIGrvg’
See section ‘The DESCRIPTION file’ in the ‘Writing R Extensions’
manual.
Flavor: r-devel-linux-x86_64-fedora-gcc