Last updated on 2022-04-24 03:52:39 CEST.
Flavor | Version | Tinstall | Tcheck | Ttotal | Status | Flags |
---|---|---|---|---|---|---|
r-devel-linux-x86_64-debian-clang | 0.1.5 | 38.17 | 305.14 | 343.31 | NOTE | |
r-devel-linux-x86_64-debian-gcc | 0.1.5 | 28.30 | 223.40 | 251.70 | NOTE | |
r-devel-linux-x86_64-fedora-clang | 0.1.5 | 410.04 | NOTE | |||
r-devel-linux-x86_64-fedora-gcc | 0.1.5 | 399.62 | NOTE | |||
r-patched-linux-x86_64 | 0.1.5 | 31.89 | 291.63 | 323.52 | OK | |
r-release-linux-x86_64 | 0.1.5 | 25.38 | 267.84 | 293.22 | OK | |
r-release-macos-arm64 | 0.1.5 | NOTE | ||||
r-release-macos-x86_64 | 0.1.5 | NOTE | ||||
r-release-windows-x86_64 | 0.1.5 | 33.00 | 293.00 | 326.00 | OK | |
r-oldrel-macos-arm64 | 0.1.5 | NOTE | ||||
r-oldrel-macos-x86_64 | 0.1.5 | NOTE | ||||
r-oldrel-windows-ix86+x86_64 | 0.1.5 | 77.00 | 290.00 | 367.00 | OK |
Version: 0.1.5
Check: Rd files
Result: NOTE
checkRd: (7) file 'sta.Rd': \item in \value must have non-empty label
Flavors: r-devel-linux-x86_64-debian-clang, r-devel-linux-x86_64-debian-gcc, r-devel-linux-x86_64-fedora-clang, r-devel-linux-x86_64-fedora-gcc
Version: 0.1.5
Check: dependencies in R code
Result: NOTE
Namespaces in Imports field not imported from:
‘iterators’ ‘methods’ ‘rgdal’
All declared Imports should be used.
Flavors: r-devel-linux-x86_64-fedora-clang, r-devel-linux-x86_64-fedora-gcc, r-release-macos-arm64, r-release-macos-x86_64, r-oldrel-macos-arm64, r-oldrel-macos-x86_64