Last updated on 2022-04-24 03:52:39 CEST.
Flavor | Version | Tinstall | Tcheck | Ttotal | Status | Flags |
---|---|---|---|---|---|---|
r-devel-linux-x86_64-debian-clang | 0.7-1 | 2.39 | 107.65 | 110.04 | NOTE | |
r-devel-linux-x86_64-debian-gcc | 0.7-1 | 2.20 | 73.78 | 75.98 | NOTE | |
r-devel-linux-x86_64-fedora-clang | 0.7-1 | 126.94 | NOTE | |||
r-devel-linux-x86_64-fedora-gcc | 0.7-1 | 114.24 | NOTE | |||
r-patched-linux-x86_64 | 0.7-1 | 1.95 | 99.99 | 101.94 | NOTE | |
r-release-linux-x86_64 | 0.7-1 | 3.00 | 98.81 | 101.81 | NOTE | |
r-release-macos-arm64 | 0.7-1 | NOTE | ||||
r-release-macos-x86_64 | 0.7-1 | NOTE | ||||
r-release-windows-x86_64 | 0.7-1 | 31.00 | 129.00 | 160.00 | NOTE | |
r-oldrel-macos-arm64 | 0.7-1 | NOTE | ||||
r-oldrel-macos-x86_64 | 0.7-1 | NOTE | ||||
r-oldrel-windows-ix86+x86_64 | 0.7-1 | 5.00 | 122.00 | 127.00 | NOTE |
Version: 0.7-1
Check: LazyData
Result: NOTE
'LazyData' is specified without a 'data' directory
Flavors: r-devel-linux-x86_64-debian-clang, r-devel-linux-x86_64-debian-gcc, r-devel-linux-x86_64-fedora-clang, r-devel-linux-x86_64-fedora-gcc, r-patched-linux-x86_64, r-release-linux-x86_64, r-release-macos-arm64, r-release-macos-x86_64, r-release-windows-x86_64, r-oldrel-macos-arm64, r-oldrel-macos-x86_64, r-oldrel-windows-ix86+x86_64