Last updated on 2022-04-24 03:52:39 CEST.
Flavor | Version | Tinstall | Tcheck | Ttotal | Status | Flags |
---|---|---|---|---|---|---|
r-devel-linux-x86_64-debian-clang | 0.6-4 | 3.17 | 90.83 | 94.00 | NOTE | |
r-devel-linux-x86_64-debian-gcc | 0.6-4 | 2.41 | 68.67 | 71.08 | NOTE | |
r-devel-linux-x86_64-fedora-clang | 0.6-4 | 111.54 | NOTE | |||
r-devel-linux-x86_64-fedora-gcc | 0.6-4 | 97.25 | NOTE | |||
r-patched-linux-x86_64 | 0.6-4 | 3.26 | 83.74 | 87.00 | NOTE | |
r-release-linux-x86_64 | 0.6-4 | 3.28 | 85.76 | 89.04 | NOTE | |
r-release-macos-arm64 | 0.6-4 | NOTE | ||||
r-release-macos-x86_64 | 0.6-4 | NOTE | ||||
r-release-windows-x86_64 | 0.6-4 | 16.00 | 81.00 | 97.00 | NOTE | |
r-oldrel-macos-arm64 | 0.6-4 | NOTE | ||||
r-oldrel-macos-x86_64 | 0.6-4 | NOTE | ||||
r-oldrel-windows-ix86+x86_64 | 0.6-4 | 6.00 | 67.00 | 73.00 | NOTE |
Version: 0.6-4
Check: package dependencies
Result: NOTE
Package suggested but not available for checking: 'gamboostLSS'
Flavors: r-devel-linux-x86_64-debian-clang, r-devel-linux-x86_64-debian-gcc, r-devel-linux-x86_64-fedora-clang, r-devel-linux-x86_64-fedora-gcc, r-patched-linux-x86_64, r-release-linux-x86_64
Version: 0.6-4
Check: LazyData
Result: NOTE
'LazyData' is specified without a 'data' directory
Flavors: r-devel-linux-x86_64-debian-clang, r-devel-linux-x86_64-debian-gcc, r-devel-linux-x86_64-fedora-clang, r-devel-linux-x86_64-fedora-gcc, r-patched-linux-x86_64, r-release-linux-x86_64, r-release-macos-arm64, r-release-macos-x86_64, r-release-windows-x86_64, r-oldrel-macos-arm64, r-oldrel-macos-x86_64, r-oldrel-windows-ix86+x86_64