Last updated on 2022-04-24 03:52:39 CEST.
Flavor | Version | Tinstall | Tcheck | Ttotal | Status | Flags |
---|---|---|---|---|---|---|
r-devel-linux-x86_64-debian-clang | 0.7.0 | 3.08 | 36.38 | 39.46 | OK | |
r-devel-linux-x86_64-debian-gcc | 0.7.0 | 2.22 | 28.18 | 30.40 | OK | |
r-devel-linux-x86_64-fedora-clang | 0.7.0 | 48.45 | NOTE | |||
r-devel-linux-x86_64-fedora-gcc | 0.7.0 | 36.73 | OK | |||
r-patched-linux-x86_64 | 0.7.0 | 3.15 | 35.49 | 38.64 | OK | |
r-release-linux-x86_64 | 0.7.0 | 2.87 | 34.90 | 37.77 | OK | |
r-release-macos-arm64 | 0.7.0 | OK | ||||
r-release-macos-x86_64 | 0.7.0 | OK | ||||
r-release-windows-x86_64 | 0.7.0 | 90.00 | 53.00 | 143.00 | OK | |
r-oldrel-macos-arm64 | 0.7.0 | OK | ||||
r-oldrel-macos-x86_64 | 0.7.0 | OK | ||||
r-oldrel-windows-ix86+x86_64 | 0.7.0 | 6.00 | 31.00 | 37.00 | OK |
Version: 0.7.0
Check: Rd cross-references
Result: NOTE
Undeclared packages ‘pryr’, ‘functional’, ‘dplyr’, ‘ks’, ‘purrr’, ‘data.table’ in Rd xrefs
Flavor: r-devel-linux-x86_64-fedora-clang