Last updated on 2022-04-24 03:52:39 CEST.
Flavor | Version | Tinstall | Tcheck | Ttotal | Status | Flags |
---|---|---|---|---|---|---|
r-devel-linux-x86_64-debian-clang | 0.2.2 | 17.23 | 488.05 | 505.28 | OK | |
r-devel-linux-x86_64-debian-gcc | 0.2.2 | 13.83 | 363.14 | 376.97 | OK | |
r-devel-linux-x86_64-fedora-clang | 0.2.2 | 798.24 | NOTE | |||
r-devel-linux-x86_64-fedora-gcc | 0.2.2 | 553.63 | NOTE | |||
r-patched-linux-x86_64 | 0.2.2 | 13.34 | 449.21 | 462.55 | OK | |
r-release-linux-x86_64 | 0.2.2 | 11.18 | 451.43 | 462.61 | OK | |
r-release-macos-arm64 | 0.2.2 | NOTE | ||||
r-release-macos-x86_64 | 0.2.2 | NOTE | ||||
r-release-windows-x86_64 | 0.2.2 | 46.00 | 500.00 | 546.00 | OK | |
r-oldrel-macos-arm64 | 0.2.2 | NOTE | ||||
r-oldrel-macos-x86_64 | 0.2.2 | NOTE | ||||
r-oldrel-windows-ix86+x86_64 | 0.2.2 | 32.00 | 531.00 | 563.00 | OK |
Version: 0.2.2
Check: dependencies in R code
Result: NOTE
Namespaces in Imports field not imported from:
‘workflowsets’ ‘yardstick’
All declared Imports should be used.
Flavors: r-devel-linux-x86_64-fedora-clang, r-devel-linux-x86_64-fedora-gcc, r-release-macos-arm64, r-release-macos-x86_64, r-oldrel-macos-arm64, r-oldrel-macos-x86_64
Version: 0.2.2
Check: Rd cross-references
Result: NOTE
Undeclared packages ‘h2o’, ‘SuperLearner’ in Rd xrefs
Flavor: r-devel-linux-x86_64-fedora-clang