Last updated on 2022-04-24 03:52:39 CEST.
Flavor | Version | Tinstall | Tcheck | Ttotal | Status | Flags |
---|---|---|---|---|---|---|
r-devel-linux-x86_64-debian-clang | 0.6.0 | 8.53 | 64.79 | 73.32 | WARN | |
r-devel-linux-x86_64-debian-gcc | 0.6.0 | 5.88 | 49.81 | 55.69 | WARN | |
r-devel-linux-x86_64-fedora-clang | 0.6.0 | 89.66 | WARN | |||
r-devel-linux-x86_64-fedora-gcc | 0.6.0 | 78.04 | WARN | |||
r-patched-linux-x86_64 | 0.6.0 | 7.86 | 62.30 | 70.16 | OK | |
r-release-linux-x86_64 | 0.6.0 | 5.81 | 59.74 | 65.55 | OK | |
r-release-macos-arm64 | 0.6.0 | OK | ||||
r-release-macos-x86_64 | 0.6.0 | OK | ||||
r-release-windows-x86_64 | 0.6.0 | 51.00 | 83.00 | 134.00 | OK | |
r-oldrel-macos-arm64 | 0.6.0 | OK | ||||
r-oldrel-macos-x86_64 | 0.6.0 | OK | ||||
r-oldrel-windows-ix86+x86_64 | 0.6.0 | 16.00 | 74.00 | 90.00 | OK |
Version: 0.6.0
Check: Rd files
Result: WARN
checkRd: (7) ConnectionDB-class.Rd:52: invalid email address: cedric.briand"at"eptb-vilaine.fr
checkRd: (7) ConnectionODBC-class.Rd:39: invalid email address: cedric.briand"at"eptb-vilaine.fr
checkRd: (7) RequeteDB-class.Rd:27: invalid email address: cedric.briand"at"eptb-vilaine.fr
checkRd: (7) RequeteDBwhere-class.Rd:32: invalid email address: cedric.briand"at"eptb-vilaine.fr
checkRd: (7) RequeteODBC-class.Rd:27: invalid email address: cedric.briand"at"eptb-vilaine.fr
checkRd: (7) RequeteODBCwhere-class.Rd:32: invalid email address: cedric.briand"at"eptb-vilaine.fr
checkRd: (7) chnames.Rd:37: invalid email address: cedric.briand"at"eptb-vilaine.fr
checkRd: (7) connect-ConnectionDB-method.Rd:36: invalid email address: cedric.briand"at"eptb-vilaine.fr
checkRd: (7) connect-ConnectionODBC-method.Rd:30: invalid email address: cedric.briand"at"eptb-vilaine.fr
checkRd: (7) connect-RequeteODBC-method.Rd:55: invalid email address: cedric.briand"at"eptb-vilaine.fr
checkRd: (7) connect-RequeteODBCwhere-method.Rd:34: invalid email address: cedric.briand"at"eptb-vilaine.fr
checkRd: (7) connect-RequeteODBCwheredate-method.Rd:38: invalid email address: cedric.briand"at"eptb-vilaine.fr
checkRd: (7) ex.Rd:16: invalid email address: cedric.briand"at"eptb-vilaine.fr
checkRd: (7) funhtml.Rd:43: invalid email address: cedric.briand"at"eptb-vilaine.fr
checkRd: (7) induk.Rd:26: invalid email address: cedric.briand"at"eptb-vilaine.fr
checkRd: (7) killfactor.Rd:19: invalid email address: cedric.briand"at"eptb-vilaine.fr
checkRd: (7) query-RequeteDB-method.Rd:49: invalid email address: cedric.briand"at"eptb-vilaine.fr
checkRd: (7) query-RequeteDBwhere-method.Rd:33: invalid email address: cedric.briand"at"eptb-vilaine.fr
checkRd: (7) query-RequeteDBwheredate-method.Rd:37: invalid email address: cedric.briand"at"eptb-vilaine.fr
checkRd: (7) tab2df.Rd:25: invalid email address: cedric.briand"at"eptb-vilaine.fr
Flavors: r-devel-linux-x86_64-debian-clang, r-devel-linux-x86_64-debian-gcc, r-devel-linux-x86_64-fedora-clang, r-devel-linux-x86_64-fedora-gcc