Last updated on 2022-04-24 03:52:39 CEST.
Flavor | Version | Tinstall | Tcheck | Ttotal | Status | Flags |
---|---|---|---|---|---|---|
r-devel-linux-x86_64-debian-clang | 1.1 | 73.90 | 75.76 | 149.66 | OK | |
r-devel-linux-x86_64-debian-gcc | 1.1 | 62.16 | 49.43 | 111.59 | OK | |
r-devel-linux-x86_64-fedora-clang | 1.1 | 193.20 | NOTE | |||
r-devel-linux-x86_64-fedora-gcc | 1.1 | 166.61 | NOTE | |||
r-patched-linux-x86_64 | 1.1 | 67.82 | 62.75 | 130.57 | OK | |
r-release-linux-x86_64 | 1.1 | 71.97 | 60.18 | 132.15 | OK | |
r-release-macos-arm64 | 1.1 | NOTE | ||||
r-release-macos-x86_64 | 1.1 | NOTE | ||||
r-release-windows-x86_64 | 1.1 | 63.00 | 96.00 | 159.00 | OK | |
r-oldrel-macos-arm64 | 1.1 | NOTE | ||||
r-oldrel-macos-x86_64 | 1.1 | NOTE | ||||
r-oldrel-windows-ix86+x86_64 | 1.1 | 145.00 | 109.00 | 254.00 | OK |
Version: 1.1
Check: installed package size
Result: NOTE
installed size is 25.1Mb
sub-directories of 1Mb or more:
libs 24.5Mb
Flavors: r-devel-linux-x86_64-fedora-clang, r-release-macos-arm64, r-release-macos-x86_64, r-oldrel-macos-arm64, r-oldrel-macos-x86_64
Version: 1.1
Check: dependencies in R code
Result: NOTE
Namespaces in Imports field not imported from:
‘reshape2’ ‘stats’
All declared Imports should be used.
Flavors: r-devel-linux-x86_64-fedora-clang, r-devel-linux-x86_64-fedora-gcc, r-release-macos-arm64, r-release-macos-x86_64, r-oldrel-macos-arm64, r-oldrel-macos-x86_64