Last updated on 2022-04-24 03:52:39 CEST.
Flavor | Version | Tinstall | Tcheck | Ttotal | Status | Flags |
---|---|---|---|---|---|---|
r-devel-linux-x86_64-debian-clang | 0.0-3 | 181.18 | 113.36 | 294.54 | OK | |
r-devel-linux-x86_64-debian-gcc | 0.0-3 | 162.73 | 84.19 | 246.92 | OK | |
r-devel-linux-x86_64-fedora-clang | 0.0-3 | 386.99 | NOTE | |||
r-devel-linux-x86_64-fedora-gcc | 0.0-3 | 363.34 | OK | |||
r-patched-linux-x86_64 | 0.0-3 | 162.68 | 108.02 | 270.70 | OK | |
r-release-linux-x86_64 | 0.0-3 | 162.39 | 103.55 | 265.94 | OK | |
r-release-macos-arm64 | 0.0-3 | NOTE | ||||
r-release-macos-x86_64 | 0.0-3 | NOTE | ||||
r-release-windows-x86_64 | 0.0-3 | 1380.00 | 187.00 | 1567.00 | OK | |
r-oldrel-macos-arm64 | 0.0-3 | NOTE | ||||
r-oldrel-macos-x86_64 | 0.0-3 | NOTE | ||||
r-oldrel-windows-ix86+x86_64 | 0.0-3 | 343.00 | 193.00 | 536.00 | OK |
Version: 0.0-3
Check: installed package size
Result: NOTE
installed size is 39.9Mb
sub-directories of 1Mb or more:
libs 39.5Mb
Flavors: r-devel-linux-x86_64-fedora-clang, r-release-macos-arm64, r-release-macos-x86_64, r-oldrel-macos-arm64, r-oldrel-macos-x86_64