Last updated on 2022-04-24 03:52:39 CEST.
Flavor | Version | Tinstall | Tcheck | Ttotal | Status | Flags |
---|---|---|---|---|---|---|
r-devel-linux-x86_64-debian-clang | 3.1.1 | 5.51 | 121.69 | 127.20 | NOTE | |
r-devel-linux-x86_64-debian-gcc | 3.1.1 | 5.14 | 91.41 | 96.55 | NOTE | |
r-devel-linux-x86_64-fedora-clang | 3.1.1 | 153.58 | NOTE | |||
r-devel-linux-x86_64-fedora-gcc | 3.1.1 | 142.72 | NOTE | |||
r-patched-linux-x86_64 | 3.1.1 | 6.08 | 119.54 | 125.62 | NOTE | |
r-release-linux-x86_64 | 3.1.1 | 5.77 | 111.42 | 117.19 | NOTE | |
r-release-macos-arm64 | 3.1.1 | NOTE | ||||
r-release-macos-x86_64 | 3.1.1 | NOTE | ||||
r-release-windows-x86_64 | 3.1.1 | 455.00 | 122.00 | 577.00 | NOTE | |
r-oldrel-macos-arm64 | 3.1.1 | NOTE | ||||
r-oldrel-macos-x86_64 | 3.1.1 | NOTE | ||||
r-oldrel-windows-ix86+x86_64 | 3.1.1 | 11.00 | 104.00 | 115.00 | NOTE |
Version: 3.1.1
Check: LazyData
Result: NOTE
'LazyData' is specified without a 'data' directory
Flavors: r-devel-linux-x86_64-debian-clang, r-devel-linux-x86_64-debian-gcc, r-devel-linux-x86_64-fedora-clang, r-devel-linux-x86_64-fedora-gcc, r-patched-linux-x86_64, r-release-linux-x86_64, r-release-macos-arm64, r-release-macos-x86_64, r-release-windows-x86_64, r-oldrel-macos-arm64, r-oldrel-macos-x86_64, r-oldrel-windows-ix86+x86_64