Last updated on 2022-04-24 03:52:39 CEST.
Flavor | Version | Tinstall | Tcheck | Ttotal | Status | Flags |
---|---|---|---|---|---|---|
r-devel-linux-x86_64-debian-clang | 0.0.6 | 7.64 | 113.57 | 121.21 | NOTE | |
r-devel-linux-x86_64-debian-gcc | 0.0.6 | 5.50 | 84.86 | 90.36 | NOTE | |
r-devel-linux-x86_64-fedora-clang | 0.0.6 | 146.65 | NOTE | |||
r-devel-linux-x86_64-fedora-gcc | 0.0.6 | 135.55 | NOTE | |||
r-patched-linux-x86_64 | 0.0.6 | 6.14 | 108.50 | 114.64 | NOTE | |
r-release-linux-x86_64 | 0.0.6 | 5.36 | 105.19 | 110.55 | NOTE | |
r-release-macos-arm64 | 0.0.6 | NOTE | ||||
r-release-macos-x86_64 | 0.0.6 | NOTE | ||||
r-release-windows-x86_64 | 0.0.6 | 16.00 | 152.00 | 168.00 | NOTE | |
r-oldrel-macos-arm64 | 0.0.6 | NOTE | ||||
r-oldrel-macos-x86_64 | 0.0.6 | NOTE | ||||
r-oldrel-windows-ix86+x86_64 | 0.0.6 | 13.00 | 124.00 | 137.00 | NOTE |
Version: 0.0.6
Check: LazyData
Result: NOTE
'LazyData' is specified without a 'data' directory
Flavors: r-devel-linux-x86_64-debian-clang, r-devel-linux-x86_64-debian-gcc, r-devel-linux-x86_64-fedora-clang, r-devel-linux-x86_64-fedora-gcc, r-patched-linux-x86_64, r-release-linux-x86_64, r-release-macos-arm64, r-release-macos-x86_64, r-release-windows-x86_64, r-oldrel-macos-arm64, r-oldrel-macos-x86_64, r-oldrel-windows-ix86+x86_64