Last updated on 2022-04-24 03:52:39 CEST.
| Flavor | Version | Tinstall | Tcheck | Ttotal | Status | Flags | 
|---|---|---|---|---|---|---|
| r-devel-linux-x86_64-debian-clang | 0.5-5 | 15.47 | 397.21 | 412.68 | NOTE | |
| r-devel-linux-x86_64-debian-gcc | 0.5-5 | 11.68 | 291.37 | 303.05 | NOTE | |
| r-devel-linux-x86_64-fedora-clang | 0.5-5 | 484.79 | NOTE | |||
| r-devel-linux-x86_64-fedora-gcc | 0.5-5 | 498.24 | NOTE | |||
| r-patched-linux-x86_64 | 0.5-5 | 16.53 | 372.51 | 389.04 | NOTE | |
| r-release-linux-x86_64 | 0.5-5 | 13.26 | 378.25 | 391.51 | NOTE | |
| r-release-macos-arm64 | 0.5-5 | NOTE | ||||
| r-release-macos-x86_64 | 0.5-5 | NOTE | ||||
| r-release-windows-x86_64 | 0.5-5 | 69.00 | 471.00 | 540.00 | NOTE | |
| r-oldrel-macos-arm64 | 0.5-5 | NOTE | ||||
| r-oldrel-macos-x86_64 | 0.5-5 | NOTE | ||||
| r-oldrel-windows-ix86+x86_64 | 0.5-5 | 30.00 | 485.00 | 515.00 | NOTE | 
Version: 0.5-5
Check: package dependencies
Result: NOTE
    Package suggested but not available for checking: 'starsdata'
Flavors: r-devel-linux-x86_64-debian-clang, r-devel-linux-x86_64-debian-gcc, r-devel-linux-x86_64-fedora-clang, r-devel-linux-x86_64-fedora-gcc, r-patched-linux-x86_64, r-release-linux-x86_64, r-release-macos-arm64, r-release-macos-x86_64, r-release-windows-x86_64, r-oldrel-macos-arm64, r-oldrel-macos-x86_64, r-oldrel-windows-ix86+x86_64
Version: 0.5-5
Check: installed package size
Result: NOTE
      installed size is  8.8Mb
      sub-directories of 1Mb or more:
        doc   2.3Mb
        nc    4.5Mb
Flavors: r-devel-linux-x86_64-fedora-clang, r-release-macos-arm64, r-release-macos-x86_64, r-release-windows-x86_64, r-oldrel-macos-arm64, r-oldrel-macos-x86_64, r-oldrel-windows-ix86+x86_64