Last updated on 2022-04-24 03:52:39 CEST.
Flavor | Version | Tinstall | Tcheck | Ttotal | Status | Flags |
---|---|---|---|---|---|---|
r-devel-linux-x86_64-debian-clang | 1.2.0 | 8.47 | 121.14 | 129.61 | OK | |
r-devel-linux-x86_64-debian-gcc | 1.2.0 | 6.79 | 90.66 | 97.45 | OK | |
r-devel-linux-x86_64-fedora-clang | 1.2.0 | 152.02 | NOTE | |||
r-devel-linux-x86_64-fedora-gcc | 1.2.0 | 140.88 | NOTE | |||
r-patched-linux-x86_64 | 1.2.0 | 10.42 | 114.62 | 125.04 | OK | |
r-release-linux-x86_64 | 1.2.0 | 7.50 | 113.10 | 120.60 | OK | |
r-release-macos-arm64 | 1.2.0 | NOTE | ||||
r-release-macos-x86_64 | 1.2.0 | NOTE | ||||
r-release-windows-x86_64 | 1.2.0 | 192.00 | 164.00 | 356.00 | OK | |
r-oldrel-macos-arm64 | 1.2.0 | NOTE | ||||
r-oldrel-macos-x86_64 | 1.2.0 | NOTE | ||||
r-oldrel-windows-ix86+x86_64 | 1.2.0 | 17.00 | 145.00 | 162.00 | OK |
Version: 1.2.0
Check: dependencies in R code
Result: NOTE
Namespaces in Imports field not imported from:
‘pander’ ‘readr’ ‘tidyselect’
All declared Imports should be used.
Flavors: r-devel-linux-x86_64-fedora-clang, r-devel-linux-x86_64-fedora-gcc, r-release-macos-arm64, r-release-macos-x86_64, r-oldrel-macos-arm64, r-oldrel-macos-x86_64