Last updated on 2022-04-24 03:52:39 CEST.
| Flavor | Version | Tinstall | Tcheck | Ttotal | Status | Flags | 
|---|---|---|---|---|---|---|
| r-devel-linux-x86_64-debian-clang | 1.2.1 | 21.83 | 260.86 | 282.69 | OK | |
| r-devel-linux-x86_64-debian-gcc | 1.2.1 | 15.53 | 187.30 | 202.83 | OK | |
| r-devel-linux-x86_64-fedora-clang | 1.2.1 | 335.86 | NOTE | |||
| r-devel-linux-x86_64-fedora-gcc | 1.2.1 | 315.48 | NOTE | |||
| r-patched-linux-x86_64 | 1.2.1 | 27.50 | 237.21 | 264.71 | OK | |
| r-release-linux-x86_64 | 1.2.1 | 17.08 | 217.67 | 234.75 | OK | |
| r-release-macos-arm64 | 1.2.1 | ERROR | ||||
| r-release-macos-x86_64 | 1.2.1 | ERROR | ||||
| r-release-windows-x86_64 | 1.2.1 | 41.00 | 276.00 | 317.00 | OK | |
| r-oldrel-macos-arm64 | 1.2.1 | ERROR | ||||
| r-oldrel-macos-x86_64 | 1.2.1 | ERROR | ||||
| r-oldrel-windows-ix86+x86_64 | 1.2.1 | 42.00 | 255.00 | 297.00 | OK | 
Version: 1.2.1
Check: package dependencies
Result: NOTE
    Imports includes 23 non-default packages.
    Importing from so many packages makes the package vulnerable to any of
    them becoming unavailable.  Move as many as possible to Suggests and
    use conditionally.
Flavor: r-devel-linux-x86_64-fedora-clang
Version: 1.2.1
Check: dependencies in R code
Result: NOTE
    Namespaces in Imports field not imported from:
      ‘gbm’ ‘ggfortify’ ‘tibble’ ‘tidyverse’
      All declared Imports should be used.
Flavors: r-devel-linux-x86_64-fedora-clang, r-devel-linux-x86_64-fedora-gcc
Version: 1.2.1
Check: package dependencies
Result: ERROR
    Package required but not available: ‘pvca’
    
    See section ‘The DESCRIPTION file’ in the ‘Writing R Extensions’
    manual.
Flavors: r-release-macos-arm64, r-release-macos-x86_64, r-oldrel-macos-arm64, r-oldrel-macos-x86_64