Last updated on 2022-04-24 03:52:39 CEST.
Flavor | Version | Tinstall | Tcheck | Ttotal | Status | Flags |
---|---|---|---|---|---|---|
r-devel-linux-x86_64-debian-clang | 0.3.1 | 5.85 | 79.49 | 85.34 | OK | |
r-devel-linux-x86_64-debian-gcc | 0.3.1 | 4.01 | 59.01 | 63.02 | OK | |
r-devel-linux-x86_64-fedora-clang | 0.3.1 | 102.06 | OK | |||
r-devel-linux-x86_64-fedora-gcc | 0.3.1 | 86.69 | OK | |||
r-patched-linux-x86_64 | 0.3.1 | 5.76 | 73.67 | 79.43 | OK | |
r-release-linux-x86_64 | 0.3.1 | 5.85 | 70.26 | 76.11 | OK | |
r-release-macos-arm64 | 0.3.1 | OK | ||||
r-release-macos-x86_64 | 0.3.1 | WARN | ||||
r-release-windows-x86_64 | 0.3.1 | 20.00 | 108.00 | 128.00 | OK | |
r-oldrel-macos-arm64 | 0.3.1 | OK | ||||
r-oldrel-macos-x86_64 | 0.3.1 | WARN | ||||
r-oldrel-windows-ix86+x86_64 | 0.3.1 | 14.00 | 95.00 | 109.00 | OK |
Version: 0.3.1
Check: re-building of vignette outputs
Result: WARN
Error(s) in re-building vignettes:
...
--- re-building ‘differences-gw-cow.Rmd’ using rmarkdown
Warning in engine$weave(file, quiet = quiet, encoding = enc) :
Pandoc (>= 1.12.3) not available. Falling back to R Markdown v1.
--- finished re-building ‘differences-gw-cow.Rmd’
--- re-building ‘statelists.Rmd’ using rmarkdown
Warning in engine$weave(file, quiet = quiet, encoding = enc) :
Pandoc (>= 1.12.3) not available. Falling back to R Markdown v1.
Quitting from lines 28-30 (statelists.Rmd)
Error: processing vignette 'statelists.Rmd' failed with diagnostics:
invalid 'path' argument
--- failed re-building ‘statelists.Rmd’
SUMMARY: processing the following file failed:
‘statelists.Rmd’
Error: Vignette re-building failed.
Execution halted
Flavors: r-release-macos-x86_64, r-oldrel-macos-x86_64