Last updated on 2022-04-24 03:52:39 CEST.
Flavor | Version | Tinstall | Tcheck | Ttotal | Status | Flags |
---|---|---|---|---|---|---|
r-devel-linux-x86_64-debian-clang | 0.4.0 | 130.45 | 147.80 | 278.25 | OK | |
r-devel-linux-x86_64-debian-gcc | 0.4.0 | 94.87 | 113.84 | 208.71 | OK | |
r-devel-linux-x86_64-fedora-clang | 0.4.0 | 361.46 | NOTE | |||
r-devel-linux-x86_64-fedora-gcc | 0.4.0 | 313.96 | OK | |||
r-patched-linux-x86_64 | 0.4.0 | 104.81 | 137.92 | 242.73 | OK | |
r-release-linux-x86_64 | 0.4.0 | 96.81 | 141.34 | 238.15 | OK | |
r-release-macos-arm64 | 0.4.0 | NOTE | ||||
r-release-macos-x86_64 | 0.4.0 | NOTE | ||||
r-release-windows-x86_64 | 0.4.0 | 109.00 | 193.00 | 302.00 | OK | |
r-oldrel-macos-arm64 | 0.4.0 | NOTE | ||||
r-oldrel-macos-x86_64 | 0.4.0 | NOTE | ||||
r-oldrel-windows-ix86+x86_64 | 0.4.0 | 259.00 | 188.00 | 447.00 | OK |
Version: 0.4.0
Check: installed package size
Result: NOTE
installed size is 5.2Mb
sub-directories of 1Mb or more:
libs 4.5Mb
Flavors: r-devel-linux-x86_64-fedora-clang, r-release-macos-arm64, r-release-macos-x86_64, r-oldrel-macos-arm64, r-oldrel-macos-x86_64