Last updated on 2022-04-24 03:52:39 CEST.
Flavor | Version | Tinstall | Tcheck | Ttotal | Status | Flags |
---|---|---|---|---|---|---|
r-devel-linux-x86_64-debian-clang | 1.0.8 | 113.45 | 262.44 | 375.89 | OK | |
r-devel-linux-x86_64-debian-gcc | 1.0.8 | 87.08 | 177.23 | 264.31 | OK | |
r-devel-linux-x86_64-fedora-clang | 1.0.8 | 460.36 | NOTE | |||
r-devel-linux-x86_64-fedora-gcc | 1.0.8 | 408.41 | OK | |||
r-patched-linux-x86_64 | 1.0.8 | 101.13 | 231.23 | 332.36 | OK | |
r-release-linux-x86_64 | 1.0.8 | 85.34 | 227.77 | 313.11 | OK | |
r-release-macos-arm64 | 1.0.8 | NOTE | ||||
r-release-macos-x86_64 | 1.0.8 | NOTE | ||||
r-release-windows-x86_64 | 1.0.8 | 112.00 | 270.00 | 382.00 | NOTE | |
r-oldrel-macos-arm64 | 1.0.8 | NOTE | ||||
r-oldrel-macos-x86_64 | 1.0.8 | NOTE | ||||
r-oldrel-windows-ix86+x86_64 | 1.0.8 | 246.00 | 273.00 | 519.00 | NOTE |
Version: 1.0.8
Check: installed package size
Result: NOTE
installed size is 7.5Mb
sub-directories of 1Mb or more:
data 2.7Mb
libs 3.6Mb
Flavors: r-devel-linux-x86_64-fedora-clang, r-release-macos-arm64, r-release-macos-x86_64, r-release-windows-x86_64, r-oldrel-macos-arm64, r-oldrel-macos-x86_64, r-oldrel-windows-ix86+x86_64