Last updated on 2022-04-24 03:52:39 CEST.
Flavor | Version | Tinstall | Tcheck | Ttotal | Status | Flags |
---|---|---|---|---|---|---|
r-devel-linux-x86_64-debian-clang | 1.0.4 | 10.05 | 211.69 | 221.74 | NOTE | |
r-devel-linux-x86_64-debian-gcc | 1.0.4 | 8.52 | 150.76 | 159.28 | NOTE | |
r-devel-linux-x86_64-fedora-clang | 1.0.4 | 252.59 | NOTE | |||
r-devel-linux-x86_64-fedora-gcc | 1.0.4 | 237.61 | NOTE | |||
r-patched-linux-x86_64 | 1.0.4 | 17.58 | 198.26 | 215.84 | NOTE | |
r-release-linux-x86_64 | 1.0.4 | 10.21 | 185.95 | 196.16 | NOTE | |
r-release-macos-arm64 | 1.0.4 | NOTE | ||||
r-release-macos-x86_64 | 1.0.4 | NOTE | ||||
r-release-windows-x86_64 | 1.0.4 | 63.00 | 235.00 | 298.00 | NOTE | |
r-oldrel-macos-arm64 | 1.0.4 | NOTE | ||||
r-oldrel-macos-x86_64 | 1.0.4 | NOTE | ||||
r-oldrel-windows-ix86+x86_64 | 1.0.4 | 19.00 | 218.00 | 237.00 | NOTE |
Version: 1.0.4
Check: package dependencies
Result: NOTE
Package suggested but not available for checking: 'asreml'
Flavors: r-devel-linux-x86_64-debian-clang, r-devel-linux-x86_64-debian-gcc, r-devel-linux-x86_64-fedora-clang, r-devel-linux-x86_64-fedora-gcc, r-patched-linux-x86_64, r-release-linux-x86_64, r-release-macos-arm64, r-release-macos-x86_64, r-release-windows-x86_64, r-oldrel-macos-arm64, r-oldrel-macos-x86_64, r-oldrel-windows-ix86+x86_64