Last updated on 2022-04-24 03:52:39 CEST.
Flavor | Version | Tinstall | Tcheck | Ttotal | Status | Flags |
---|---|---|---|---|---|---|
r-devel-linux-x86_64-debian-clang | 1.0.5 | 13.57 | 443.79 | 457.36 | NOTE | |
r-devel-linux-x86_64-debian-gcc | 1.0.5 | 11.35 | 325.34 | 336.69 | NOTE | |
r-devel-linux-x86_64-fedora-clang | 1.0.5 | 517.84 | NOTE | |||
r-devel-linux-x86_64-fedora-gcc | 1.0.5 | 501.71 | NOTE | |||
r-patched-linux-x86_64 | 1.0.5 | 13.59 | 410.38 | 423.97 | NOTE | |
r-release-linux-x86_64 | 1.0.5 | 11.82 | 393.92 | 405.74 | NOTE | |
r-release-macos-arm64 | 1.0.5 | NOTE | ||||
r-release-macos-x86_64 | 1.0.5 | NOTE | ||||
r-release-windows-x86_64 | 1.0.5 | 51.00 | 503.00 | 554.00 | NOTE | |
r-oldrel-macos-arm64 | 1.0.5 | NOTE | ||||
r-oldrel-macos-x86_64 | 1.0.5 | NOTE | ||||
r-oldrel-windows-ix86+x86_64 | 1.0.5 | 25.00 | 499.00 | 524.00 | NOTE |
Version: 1.0.5
Check: package dependencies
Result: NOTE
Package suggested but not available for checking: 'asreml'
Flavors: r-devel-linux-x86_64-debian-clang, r-devel-linux-x86_64-debian-gcc, r-devel-linux-x86_64-fedora-clang, r-devel-linux-x86_64-fedora-gcc, r-patched-linux-x86_64, r-release-linux-x86_64, r-release-macos-arm64, r-release-macos-x86_64, r-release-windows-x86_64, r-oldrel-macos-arm64, r-oldrel-macos-x86_64, r-oldrel-windows-ix86+x86_64