Last updated on 2022-04-24 03:52:39 CEST.
Flavor | Version | Tinstall | Tcheck | Ttotal | Status | Flags |
---|---|---|---|---|---|---|
r-devel-linux-x86_64-debian-clang | 1.0.4 | 97.76 | 83.78 | 181.54 | WARN | |
r-devel-linux-x86_64-debian-gcc | 1.0.4 | 75.98 | 62.34 | 138.32 | OK | |
r-devel-linux-x86_64-fedora-clang | 1.0.4 | 255.91 | WARN | |||
r-devel-linux-x86_64-fedora-gcc | 1.0.4 | 218.30 | OK | |||
r-patched-linux-x86_64 | 1.0.4 | 82.54 | 81.30 | 163.84 | OK | |
r-release-linux-x86_64 | 1.0.4 | 85.72 | 76.52 | 162.24 | OK | |
r-release-macos-arm64 | 1.0.4 | NOTE | ||||
r-release-macos-x86_64 | 1.0.4 | OK | ||||
r-release-windows-x86_64 | 1.0.4 | 99.00 | 144.00 | 243.00 | OK | |
r-oldrel-macos-arm64 | 1.0.4 | NOTE | ||||
r-oldrel-macos-x86_64 | 1.0.4 | OK | ||||
r-oldrel-windows-ix86+x86_64 | 1.0.4 | 232.00 | 145.00 | 377.00 | OK |
Version: 1.0.4
Check: whether package can be installed
Result: WARN
Found the following significant warnings:
calcIBD.cpp:116:18: warning: use of bitwise '|' with boolean operands [-Wbitwise-instead-of-logical]
Flavors: r-devel-linux-x86_64-debian-clang, r-devel-linux-x86_64-fedora-clang
Version: 1.0.4
Check: installed package size
Result: NOTE
installed size is 5.7Mb
sub-directories of 1Mb or more:
libs 5.0Mb
Flavors: r-release-macos-arm64, r-oldrel-macos-arm64