Last updated on 2022-04-24 03:52:39 CEST.
Flavor | Version | Tinstall | Tcheck | Ttotal | Status | Flags |
---|---|---|---|---|---|---|
r-devel-linux-x86_64-debian-clang | 1.0.8 | 12.32 | 245.74 | 258.06 | NOTE | |
r-devel-linux-x86_64-debian-gcc | 1.0.8 | 9.09 | 176.76 | 185.85 | NOTE | |
r-devel-linux-x86_64-fedora-clang | 1.0.8 | 294.60 | NOTE | |||
r-devel-linux-x86_64-fedora-gcc | 1.0.8 | 279.46 | NOTE | |||
r-patched-linux-x86_64 | 1.0.8 | 11.14 | 228.08 | 239.22 | NOTE | |
r-release-linux-x86_64 | 1.0.8 | 9.27 | 217.63 | 226.90 | NOTE | |
r-release-macos-arm64 | 1.0.8 | NOTE | ||||
r-release-macos-x86_64 | 1.0.8 | NOTE | ||||
r-release-windows-x86_64 | 1.0.8 | 43.00 | 262.00 | 305.00 | NOTE | |
r-oldrel-macos-arm64 | 1.0.8 | NOTE | ||||
r-oldrel-macos-x86_64 | 1.0.8 | NOTE | ||||
r-oldrel-windows-ix86+x86_64 | 1.0.8 | 23.00 | 247.00 | 270.00 | NOTE |
Version: 1.0.8
Check: package dependencies
Result: NOTE
Package suggested but not available for checking: 'asreml'
Flavors: r-devel-linux-x86_64-debian-clang, r-devel-linux-x86_64-debian-gcc, r-devel-linux-x86_64-fedora-clang, r-devel-linux-x86_64-fedora-gcc, r-patched-linux-x86_64, r-release-linux-x86_64, r-release-macos-arm64, r-release-macos-x86_64, r-release-windows-x86_64, r-oldrel-macos-arm64, r-oldrel-macos-x86_64, r-oldrel-windows-ix86+x86_64
Version: 1.0.8
Check: dependencies in R code
Result: NOTE
Namespace in Imports field not imported from: ‘mapproj’
All declared Imports should be used.
Flavors: r-devel-linux-x86_64-fedora-clang, r-devel-linux-x86_64-fedora-gcc, r-release-macos-arm64, r-release-macos-x86_64, r-oldrel-macos-arm64, r-oldrel-macos-x86_64