Last updated on 2022-04-24 03:52:39 CEST.
Flavor | Version | Tinstall | Tcheck | Ttotal | Status | Flags |
---|---|---|---|---|---|---|
r-devel-linux-x86_64-debian-clang | 0.5.1 | 4.25 | 84.67 | 88.92 | NOTE | |
r-devel-linux-x86_64-debian-gcc | 0.5.1 | 3.68 | 63.04 | 66.72 | NOTE | |
r-devel-linux-x86_64-fedora-clang | 0.5.1 | 102.29 | NOTE | |||
r-devel-linux-x86_64-fedora-gcc | 0.5.1 | 91.26 | NOTE | |||
r-patched-linux-x86_64 | 0.5.1 | 3.95 | 82.31 | 86.26 | NOTE | |
r-release-linux-x86_64 | 0.5.1 | 3.38 | 81.73 | 85.11 | NOTE | |
r-release-macos-arm64 | 0.5.1 | NOTE | ||||
r-release-macos-x86_64 | 0.5.1 | NOTE | ||||
r-release-windows-x86_64 | 0.5.1 | 20.00 | 107.00 | 127.00 | NOTE | |
r-oldrel-macos-arm64 | 0.5.1 | NOTE | ||||
r-oldrel-macos-x86_64 | 0.5.1 | NOTE | ||||
r-oldrel-windows-ix86+x86_64 | 0.5.1 | 8.00 | 95.00 | 103.00 | NOTE |
Version: 0.5.1
Check: LazyData
Result: NOTE
'LazyData' is specified without a 'data' directory
Flavors: r-devel-linux-x86_64-debian-clang, r-devel-linux-x86_64-debian-gcc, r-devel-linux-x86_64-fedora-clang, r-devel-linux-x86_64-fedora-gcc, r-patched-linux-x86_64, r-release-linux-x86_64, r-release-macos-arm64, r-release-macos-x86_64, r-release-windows-x86_64, r-oldrel-macos-arm64, r-oldrel-macos-x86_64, r-oldrel-windows-ix86+x86_64