Last updated on 2022-04-24 03:52:39 CEST.
Flavor | Version | Tinstall | Tcheck | Ttotal | Status | Flags |
---|---|---|---|---|---|---|
r-devel-linux-x86_64-debian-clang | 0.2.3 | 3.99 | 38.88 | 42.87 | NOTE | |
r-devel-linux-x86_64-debian-gcc | 0.2.3 | 3.16 | 30.14 | 33.30 | NOTE | |
r-devel-linux-x86_64-fedora-clang | 0.2.3 | 52.65 | NOTE | |||
r-devel-linux-x86_64-fedora-gcc | 0.2.3 | 40.88 | NOTE | |||
r-patched-linux-x86_64 | 0.2.3 | 4.07 | 37.51 | 41.58 | NOTE | |
r-release-linux-x86_64 | 0.2.3 | 3.62 | 36.55 | 40.17 | NOTE | |
r-release-macos-arm64 | 0.2.3 | NOTE | ||||
r-release-macos-x86_64 | 0.2.3 | NOTE | ||||
r-release-windows-x86_64 | 0.2.3 | 23.00 | 62.00 | 85.00 | NOTE | |
r-oldrel-macos-arm64 | 0.2.3 | NOTE | ||||
r-oldrel-macos-x86_64 | 0.2.3 | NOTE | ||||
r-oldrel-windows-ix86+x86_64 | 0.2.3 | 10.00 | 56.00 | 66.00 | NOTE |
Version: 0.2.3
Check: LazyData
Result: NOTE
'LazyData' is specified without a 'data' directory
Flavors: r-devel-linux-x86_64-debian-clang, r-devel-linux-x86_64-debian-gcc, r-devel-linux-x86_64-fedora-clang, r-devel-linux-x86_64-fedora-gcc, r-patched-linux-x86_64, r-release-linux-x86_64, r-release-macos-arm64, r-release-macos-x86_64, r-release-windows-x86_64, r-oldrel-macos-arm64, r-oldrel-macos-x86_64, r-oldrel-windows-ix86+x86_64
Version: 0.2.3
Check: Rd cross-references
Result: NOTE
Undeclared package ‘distrEx’ in Rd xrefs
Flavor: r-devel-linux-x86_64-fedora-clang