Last updated on 2022-04-24 03:52:39 CEST.
Flavor | Version | Tinstall | Tcheck | Ttotal | Status | Flags |
---|---|---|---|---|---|---|
r-devel-linux-x86_64-debian-clang | 1.0.0 | 7.19 | 65.59 | 72.78 | OK | |
r-devel-linux-x86_64-debian-gcc | 1.0.0 | 4.73 | 49.42 | 54.15 | OK | |
r-devel-linux-x86_64-fedora-clang | 1.0.0 | 87.58 | NOTE | |||
r-devel-linux-x86_64-fedora-gcc | 1.0.0 | 75.19 | NOTE | |||
r-patched-linux-x86_64 | 1.0.0 | 8.33 | 62.70 | 71.03 | OK | |
r-release-linux-x86_64 | 1.0.0 | 9.18 | 61.24 | 70.42 | OK | |
r-release-macos-arm64 | 1.0.0 | NOTE | ||||
r-release-macos-x86_64 | 1.0.0 | NOTE | ||||
r-release-windows-x86_64 | 1.0.0 | 79.00 | 91.00 | 170.00 | OK | |
r-oldrel-macos-arm64 | 1.0.0 | NOTE | ||||
r-oldrel-macos-x86_64 | 1.0.0 | NOTE | ||||
r-oldrel-windows-ix86+x86_64 | 1.0.0 | 13.00 | 77.00 | 90.00 | OK |
Version: 1.0.0
Check: dependencies in R code
Result: NOTE
Namespaces in Imports field not imported from:
‘Rdpack’ ‘mathjaxr’
All declared Imports should be used.
Flavors: r-devel-linux-x86_64-fedora-clang, r-devel-linux-x86_64-fedora-gcc, r-release-macos-arm64, r-release-macos-x86_64, r-oldrel-macos-arm64, r-oldrel-macos-x86_64