Last updated on 2022-04-24 03:52:39 CEST.
Flavor | Version | Tinstall | Tcheck | Ttotal | Status | Flags |
---|---|---|---|---|---|---|
r-devel-linux-x86_64-debian-clang | 1.3.1 | 7.97 | 435.28 | 443.25 | OK | |
r-devel-linux-x86_64-debian-gcc | 1.3.1 | 5.93 | 301.22 | 307.15 | OK | |
r-devel-linux-x86_64-fedora-clang | 1.3.1 | 503.87 | OK | |||
r-devel-linux-x86_64-fedora-gcc | 1.3.1 | 524.87 | OK | |||
r-patched-linux-x86_64 | 1.3.1 | 7.75 | 401.39 | 409.14 | OK | |
r-release-linux-x86_64 | 1.3.1 | 5.85 | 382.30 | 388.15 | OK | |
r-release-macos-arm64 | 1.3.1 | OK | ||||
r-release-macos-x86_64 | 1.3.1 | NOTE | ||||
r-release-windows-x86_64 | 1.3.1 | 106.00 | 433.00 | 539.00 | OK | |
r-oldrel-macos-arm64 | 1.3.1 | OK | ||||
r-oldrel-macos-x86_64 | 1.3.1 | NOTE | ||||
r-oldrel-windows-ix86+x86_64 | 1.3.1 | 25.00 | 452.00 | 477.00 | OK |
Version: 1.3.1
Check: package dependencies
Result: NOTE
Package suggested but not available for checking: ‘testthat’
Flavors: r-release-macos-x86_64, r-oldrel-macos-x86_64