Last updated on 2022-04-24 03:52:39 CEST.
Flavor | Version | Tinstall | Tcheck | Ttotal | Status | Flags |
---|---|---|---|---|---|---|
r-devel-linux-x86_64-debian-clang | 0.1.4 | 6.22 | 67.45 | 73.67 | OK | |
r-devel-linux-x86_64-debian-gcc | 0.1.4 | 4.78 | 49.54 | 54.32 | OK | |
r-devel-linux-x86_64-fedora-clang | 0.1.4 | 87.59 | NOTE | |||
r-devel-linux-x86_64-fedora-gcc | 0.1.4 | 72.72 | NOTE | |||
r-patched-linux-x86_64 | 0.1.4 | 6.32 | 63.07 | 69.39 | OK | |
r-release-linux-x86_64 | 0.1.4 | 5.06 | 59.46 | 64.52 | OK | |
r-release-macos-arm64 | 0.1.4 | NOTE | ||||
r-release-macos-x86_64 | 0.1.4 | NOTE | ||||
r-release-windows-x86_64 | 0.1.4 | 126.00 | 82.00 | 208.00 | OK | |
r-oldrel-macos-arm64 | 0.1.4 | NOTE | ||||
r-oldrel-macos-x86_64 | 0.1.4 | NOTE | ||||
r-oldrel-windows-ix86+x86_64 | 0.1.4 | 16.00 | 70.00 | 86.00 | OK |
Version: 0.1.4
Check: dependencies in R code
Result: NOTE
Namespace in Imports field not imported from: ‘tibble’
All declared Imports should be used.
Flavors: r-devel-linux-x86_64-fedora-clang, r-devel-linux-x86_64-fedora-gcc, r-release-macos-arm64, r-release-macos-x86_64, r-oldrel-macos-arm64, r-oldrel-macos-x86_64