Last updated on 2022-04-24 03:52:39 CEST.
Flavor | Version | Tinstall | Tcheck | Ttotal | Status | Flags |
---|---|---|---|---|---|---|
r-devel-linux-x86_64-debian-clang | 0.3.0 | 99.25 | 190.07 | 289.32 | OK | |
r-devel-linux-x86_64-debian-gcc | 0.3.0 | 77.58 | 150.39 | 227.97 | OK | |
r-devel-linux-x86_64-fedora-clang | 0.3.0 | 367.78 | NOTE | |||
r-devel-linux-x86_64-fedora-gcc | 0.3.0 | 332.53 | OK | |||
r-patched-linux-x86_64 | 0.3.0 | 80.80 | 181.28 | 262.08 | OK | |
r-release-linux-x86_64 | 0.3.0 | 82.50 | 171.39 | 253.89 | OK | |
r-release-macos-arm64 | 0.3.0 | NOTE | ||||
r-release-macos-x86_64 | 0.3.0 | NOTE | ||||
r-release-windows-x86_64 | 0.3.0 | 78.00 | 242.00 | 320.00 | OK | |
r-oldrel-macos-arm64 | 0.3.0 | NOTE | ||||
r-oldrel-macos-x86_64 | 0.3.0 | NOTE | ||||
r-oldrel-windows-ix86+x86_64 | 0.3.0 | 221.00 | 310.00 | 531.00 | NOTE |
Version: 0.3.0
Check: installed package size
Result: NOTE
installed size is 5.9Mb
sub-directories of 1Mb or more:
data 2.3Mb
libs 3.3Mb
Flavors: r-devel-linux-x86_64-fedora-clang, r-release-macos-arm64, r-release-macos-x86_64, r-oldrel-macos-arm64, r-oldrel-macos-x86_64, r-oldrel-windows-ix86+x86_64