Last updated on 2022-04-24 03:52:39 CEST.
Flavor | Version | Tinstall | Tcheck | Ttotal | Status | Flags |
---|---|---|---|---|---|---|
r-devel-linux-x86_64-debian-clang | 1.0 | 13.02 | 59.04 | 72.06 | OK | |
r-devel-linux-x86_64-debian-gcc | 1.0 | 11.26 | 44.63 | 55.89 | OK | |
r-devel-linux-x86_64-fedora-clang | 1.0 | 93.44 | NOTE | |||
r-devel-linux-x86_64-fedora-gcc | 1.0 | 83.53 | NOTE | |||
r-patched-linux-x86_64 | 1.0 | 11.43 | 56.58 | 68.01 | OK | |
r-release-linux-x86_64 | 1.0 | 12.22 | 55.82 | 68.04 | OK | |
r-release-macos-arm64 | 1.0 | OK | ||||
r-release-macos-x86_64 | 1.0 | OK | ||||
r-release-windows-x86_64 | 1.0 | 30.00 | 97.00 | 127.00 | OK | |
r-oldrel-macos-arm64 | 1.0 | OK | ||||
r-oldrel-macos-x86_64 | 1.0 | OK | ||||
r-oldrel-windows-ix86+x86_64 | 1.0 | 35.00 | 104.00 | 139.00 | OK |
Version: 1.0
Check: compiled code
Result: NOTE
File ‘steadyICA/libs/steadyICA.so’:
Found no calls to: ‘R_registerRoutines’, ‘R_useDynamicSymbols’
It is good practice to register native routines and to disable symbol
search.
See ‘Writing portable packages’ in the ‘Writing R Extensions’ manual.
Flavors: r-devel-linux-x86_64-fedora-clang, r-devel-linux-x86_64-fedora-gcc