Last updated on 2022-04-24 03:52:39 CEST.
Flavor | Version | Tinstall | Tcheck | Ttotal | Status | Flags |
---|---|---|---|---|---|---|
r-devel-linux-x86_64-debian-clang | 0.7.0 | 34.15 | 48.63 | 82.78 | OK | |
r-devel-linux-x86_64-debian-gcc | 0.7.0 | 31.60 | 38.85 | 70.45 | OK | |
r-devel-linux-x86_64-fedora-clang | 0.7.0 | 112.36 | NOTE | |||
r-devel-linux-x86_64-fedora-gcc | 0.7.0 | 99.18 | NOTE | |||
r-patched-linux-x86_64 | 0.7.0 | 36.43 | 48.44 | 84.87 | OK | |
r-release-linux-x86_64 | 0.7.0 | 34.57 | 47.38 | 81.95 | OK | |
r-release-macos-arm64 | 0.7.0 | NOTE | ||||
r-release-macos-x86_64 | 0.7.0 | NOTE | ||||
r-release-windows-x86_64 | 0.7.0 | 113.00 | 72.00 | 185.00 | OK | |
r-oldrel-macos-arm64 | 0.7.0 | NOTE | ||||
r-oldrel-macos-x86_64 | 0.7.0 | NOTE | ||||
r-oldrel-windows-ix86+x86_64 | 0.7.0 | 52.00 | 58.00 | 110.00 | OK |
Version: 0.7.0
Check: data for non-ASCII characters
Result: NOTE
Note: found 15 marked UTF-8 strings
Flavors: r-devel-linux-x86_64-fedora-clang, r-devel-linux-x86_64-fedora-gcc, r-release-macos-arm64, r-release-macos-x86_64, r-oldrel-macos-arm64, r-oldrel-macos-x86_64