Last updated on 2022-04-24 03:52:39 CEST.
Flavor | Version | Tinstall | Tcheck | Ttotal | Status | Flags |
---|---|---|---|---|---|---|
r-devel-linux-x86_64-debian-clang | 0.99.8 | 63.62 | 300.19 | 363.81 | WARN | |
r-devel-linux-x86_64-debian-gcc | 0.99.8 | 50.74 | 220.37 | 271.11 | OK | |
r-devel-linux-x86_64-fedora-clang | 0.99.8 | 451.73 | WARN | |||
r-devel-linux-x86_64-fedora-gcc | 0.99.8 | 424.35 | OK | |||
r-patched-linux-x86_64 | 0.99.8 | 60.80 | 289.30 | 350.10 | OK | |
r-release-linux-x86_64 | 0.99.8 | 60.61 | 260.86 | 321.47 | OK | |
r-release-macos-arm64 | 0.99.8 | OK | ||||
r-release-macos-x86_64 | 0.99.8 | OK | ||||
r-release-windows-x86_64 | 0.99.8 | 70.00 | 305.00 | 375.00 | OK | |
r-oldrel-macos-arm64 | 0.99.8 | OK | ||||
r-oldrel-macos-x86_64 | 0.99.8 | OK | ||||
r-oldrel-windows-ix86+x86_64 | 0.99.8 | 146.00 | 391.00 | 537.00 | OK |
Version: 0.99.8
Check: whether package can be installed
Result: WARN
Found the following significant warnings:
rcpp_cov_est1d.cpp:45:8: warning: use of bitwise '&' with boolean operands [-Wbitwise-instead-of-logical]
rcpp_cov_est1d.cpp:50:14: warning: use of bitwise '&' with boolean operands [-Wbitwise-instead-of-logical]
Flavors: r-devel-linux-x86_64-debian-clang, r-devel-linux-x86_64-fedora-clang