Last updated on 2022-04-24 03:52:39 CEST.
Flavor | Version | Tinstall | Tcheck | Ttotal | Status | Flags |
---|---|---|---|---|---|---|
r-devel-linux-x86_64-debian-clang | 1.3 | 2.76 | 49.69 | 52.45 | NOTE | |
r-devel-linux-x86_64-debian-gcc | 1.3 | 2.08 | 38.00 | 40.08 | NOTE | |
r-devel-linux-x86_64-fedora-clang | 1.3 | 63.42 | NOTE | |||
r-devel-linux-x86_64-fedora-gcc | 1.3 | 51.80 | NOTE | |||
r-patched-linux-x86_64 | 1.3 | 2.71 | 48.23 | 50.94 | NOTE | |
r-release-linux-x86_64 | 1.3 | 1.49 | 46.90 | 48.39 | NOTE | |
r-release-macos-arm64 | 1.3 | NOTE | ||||
r-release-macos-x86_64 | 1.3 | NOTE | ||||
r-release-windows-x86_64 | 1.3 | 17.00 | 73.00 | 90.00 | OK | |
r-oldrel-macos-arm64 | 1.3 | NOTE | ||||
r-oldrel-macos-x86_64 | 1.3 | NOTE | ||||
r-oldrel-windows-ix86+x86_64 | 1.3 | 6.00 | 60.00 | 66.00 | OK |
Version: 1.3
Check: for non-standard things in the check directory
Result: NOTE
Found the following files/directories:
'corrviz.html'
Flavors: r-devel-linux-x86_64-debian-clang, r-devel-linux-x86_64-debian-gcc, r-devel-linux-x86_64-fedora-clang, r-devel-linux-x86_64-fedora-gcc, r-patched-linux-x86_64, r-release-linux-x86_64
Version: 1.3
Check: dependencies in R code
Result: NOTE
Namespaces in Imports field not imported from:
‘SnowballC’ ‘tm’
All declared Imports should be used.
Flavors: r-devel-linux-x86_64-fedora-clang, r-devel-linux-x86_64-fedora-gcc, r-release-macos-arm64, r-release-macos-x86_64, r-oldrel-macos-arm64, r-oldrel-macos-x86_64