Last updated on 2022-04-24 03:52:39 CEST.
| Flavor | Version | Tinstall | Tcheck | Ttotal | Status | Flags | 
|---|---|---|---|---|---|---|
| r-devel-linux-x86_64-debian-clang | 0.4.1 | 14.77 | 149.74 | 164.51 | OK | |
| r-devel-linux-x86_64-debian-gcc | 0.4.1 | 10.45 | 108.44 | 118.89 | OK | |
| r-devel-linux-x86_64-fedora-clang | 0.4.1 | 198.59 | NOTE | |||
| r-devel-linux-x86_64-fedora-gcc | 0.4.1 | 175.89 | NOTE | |||
| r-patched-linux-x86_64 | 0.4.1 | 13.05 | 137.68 | 150.73 | OK | |
| r-release-linux-x86_64 | 0.4.1 | 8.41 | 128.71 | 137.12 | OK | |
| r-release-macos-arm64 | 0.4.1 | NOTE | ||||
| r-release-macos-x86_64 | 0.4.1 | NOTE | ||||
| r-release-windows-x86_64 | 0.4.1 | 24.00 | 163.00 | 187.00 | OK | |
| r-oldrel-macos-arm64 | 0.4.1 | NOTE | ||||
| r-oldrel-macos-x86_64 | 0.4.1 | NOTE | ||||
| r-oldrel-windows-ix86+x86_64 | 0.4.1 | 34.00 | 152.00 | 186.00 | OK | 
Version: 0.4.1
Check: dependencies in R code
Result: NOTE
    Namespaces in Imports field not imported from:
      ‘huge’ ‘readr’ ‘scales’ ‘shinyjs’
      All declared Imports should be used.
Flavors: r-devel-linux-x86_64-fedora-clang, r-devel-linux-x86_64-fedora-gcc, r-release-macos-arm64, r-release-macos-x86_64, r-oldrel-macos-arm64, r-oldrel-macos-x86_64