Last updated on 2022-04-24 03:52:39 CEST.
Flavor | Version | Tinstall | Tcheck | Ttotal | Status | Flags |
---|---|---|---|---|---|---|
r-devel-linux-x86_64-debian-clang | 3.2.0 | 140.49 | 162.34 | 302.83 | OK | |
r-devel-linux-x86_64-debian-gcc | 3.2.0 | 114.73 | 122.96 | 237.69 | OK | |
r-devel-linux-x86_64-fedora-clang | 3.2.0 | 424.72 | NOTE | |||
r-devel-linux-x86_64-fedora-gcc | 3.2.0 | 390.38 | OK | |||
r-patched-linux-x86_64 | 3.2.0 | 120.00 | 155.10 | 275.10 | OK | |
r-release-linux-x86_64 | 3.2.0 | 127.17 | 156.07 | 283.24 | OK | |
r-release-macos-arm64 | 3.2.0 | NOTE | ||||
r-release-macos-x86_64 | 3.2.0 | NOTE | ||||
r-release-windows-x86_64 | 3.2.0 | 155.00 | 285.00 | 440.00 | OK | |
r-oldrel-macos-arm64 | 3.2.0 | NOTE | ||||
r-oldrel-macos-x86_64 | 3.2.0 | NOTE | ||||
r-oldrel-windows-ix86+x86_64 | 3.2.0 | 331.00 | 301.00 | 632.00 | NOTE |
Version: 3.2.0
Check: installed package size
Result: NOTE
installed size is 7.5Mb
sub-directories of 1Mb or more:
doc 1.9Mb
libs 4.7Mb
Flavors: r-devel-linux-x86_64-fedora-clang, r-release-macos-arm64, r-release-macos-x86_64, r-oldrel-macos-arm64, r-oldrel-macos-x86_64, r-oldrel-windows-ix86+x86_64