Last updated on 2022-04-24 03:52:39 CEST.
Flavor | Version | Tinstall | Tcheck | Ttotal | Status | Flags |
---|---|---|---|---|---|---|
r-devel-linux-x86_64-debian-clang | 0.2.0 | 24.52 | 185.81 | 210.33 | OK | |
r-devel-linux-x86_64-debian-gcc | 0.2.0 | 23.52 | 145.60 | 169.12 | OK | |
r-devel-linux-x86_64-fedora-clang | 0.2.0 | 252.25 | NOTE | |||
r-devel-linux-x86_64-fedora-gcc | 0.2.0 | 260.21 | OK | |||
r-patched-linux-x86_64 | 0.2.0 | 21.37 | 188.55 | 209.92 | OK | |
r-release-linux-x86_64 | 0.2.0 | 26.49 | 187.01 | 213.50 | OK | |
r-release-macos-arm64 | 0.2.0 | NOTE | ||||
r-release-macos-x86_64 | 0.2.0 | NOTE | ||||
r-release-windows-x86_64 | 0.2.0 | 91.00 | 141.00 | 232.00 | NOTE | |
r-oldrel-macos-arm64 | 0.2.0 | NOTE | ||||
r-oldrel-macos-x86_64 | 0.2.0 | NOTE | ||||
r-oldrel-windows-ix86+x86_64 | 0.2.0 | 115.00 | 153.00 | 268.00 | NOTE |
Version: 0.2.0
Check: installed package size
Result: NOTE
installed size is 12.5Mb
sub-directories of 1Mb or more:
libs 10.8Mb
Flavors: r-devel-linux-x86_64-fedora-clang, r-release-macos-arm64, r-release-macos-x86_64, r-release-windows-x86_64, r-oldrel-macos-arm64, r-oldrel-macos-x86_64, r-oldrel-windows-ix86+x86_64