Last updated on 2022-04-24 03:52:39 CEST.
Flavor | Version | Tinstall | Tcheck | Ttotal | Status | Flags |
---|---|---|---|---|---|---|
r-devel-linux-x86_64-debian-clang | 1.1-3 | 1.55 | 30.68 | 32.23 | NOTE | |
r-devel-linux-x86_64-debian-gcc | 1.1-3 | 1.77 | 24.57 | 26.34 | NOTE | |
r-devel-linux-x86_64-fedora-clang | 1.1-3 | 41.56 | NOTE | |||
r-devel-linux-x86_64-fedora-gcc | 1.1-3 | 30.18 | NOTE | |||
r-patched-linux-x86_64 | 1.1-3 | 1.98 | 30.91 | 32.89 | NOTE | |
r-release-linux-x86_64 | 1.1-3 | 2.04 | 29.80 | 31.84 | NOTE | |
r-release-macos-arm64 | 1.1-3 | OK | ||||
r-release-macos-x86_64 | 1.1-3 | OK | ||||
r-release-windows-x86_64 | 1.1-3 | 13.00 | 50.00 | 63.00 | OK | |
r-oldrel-macos-arm64 | 1.1-3 | OK | ||||
r-oldrel-macos-x86_64 | 1.1-3 | OK | ||||
r-oldrel-windows-ix86+x86_64 | 1.1-3 | 4.00 | 26.00 | 30.00 | OK |
Version: 1.1-3
Check: Rd line widths
Result: NOTE
Rd file 'calc.stoich.coef.Rd':
\usage lines wider than 90 characters:
calc.stoich.coef(alpha, name, subst, subst.norm, nu.norm = 1, constraints = list(), eps = 1e-5, verbose = TRUE)
These lines will be truncated in the PDF manual.
Flavors: r-devel-linux-x86_64-debian-clang, r-devel-linux-x86_64-debian-gcc, r-devel-linux-x86_64-fedora-clang, r-devel-linux-x86_64-fedora-gcc, r-patched-linux-x86_64, r-release-linux-x86_64