Last updated on 2022-04-24 03:52:39 CEST.
Flavor | Version | Tinstall | Tcheck | Ttotal | Status | Flags |
---|---|---|---|---|---|---|
r-devel-linux-x86_64-debian-clang | 1.2.5 | 8.85 | 65.44 | 74.29 | NOTE | |
r-devel-linux-x86_64-debian-gcc | 1.2.5 | 7.07 | 49.30 | 56.37 | NOTE | |
r-devel-linux-x86_64-fedora-clang | 1.2.5 | 91.54 | NOTE | |||
r-devel-linux-x86_64-fedora-gcc | 1.2.5 | 78.23 | NOTE | |||
r-patched-linux-x86_64 | 1.2.5 | 11.52 | 63.06 | 74.58 | NOTE | |
r-release-linux-x86_64 | 1.2.5 | 7.59 | 63.07 | 70.66 | NOTE | |
r-release-macos-arm64 | 1.2.5 | NOTE | ||||
r-release-macos-x86_64 | 1.2.5 | NOTE | ||||
r-release-windows-x86_64 | 1.2.5 | 93.00 | 101.00 | 194.00 | NOTE | |
r-oldrel-macos-arm64 | 1.2.5 | NOTE | ||||
r-oldrel-macos-x86_64 | 1.2.5 | NOTE | ||||
r-oldrel-windows-ix86+x86_64 | 1.2.5 | 16.00 | 119.00 | 135.00 | NOTE |
Version: 1.2.5
Check: LazyData
Result: NOTE
'LazyData' is specified without a 'data' directory
Flavors: r-devel-linux-x86_64-debian-clang, r-devel-linux-x86_64-debian-gcc, r-devel-linux-x86_64-fedora-clang, r-devel-linux-x86_64-fedora-gcc, r-patched-linux-x86_64, r-release-linux-x86_64, r-release-macos-arm64, r-release-macos-x86_64, r-release-windows-x86_64, r-oldrel-macos-arm64, r-oldrel-macos-x86_64, r-oldrel-windows-ix86+x86_64