Last updated on 2022-04-24 03:52:39 CEST.
Flavor | Version | Tinstall | Tcheck | Ttotal | Status | Flags |
---|---|---|---|---|---|---|
r-devel-linux-x86_64-debian-clang | 0.8.7 | 76.88 | 397.61 | 474.49 | OK | |
r-devel-linux-x86_64-debian-gcc | 0.8.7 | 55.14 | 288.31 | 343.45 | OK | |
r-devel-linux-x86_64-fedora-clang | 0.8.7 | 574.76 | OK | |||
r-devel-linux-x86_64-fedora-gcc | 0.8.7 | 475.42 | OK | |||
r-patched-linux-x86_64 | 0.8.7 | 72.62 | 373.34 | 445.96 | OK | |
r-release-linux-x86_64 | 0.8.7 | 60.10 | 363.10 | 423.20 | OK | |
r-release-macos-arm64 | 0.8.7 | NOTE | ||||
r-release-macos-x86_64 | 0.8.7 | NOTE | ||||
r-release-windows-x86_64 | 0.8.7 | 136.00 | 492.00 | 628.00 | OK | |
r-oldrel-macos-arm64 | 0.8.7 | NOTE | ||||
r-oldrel-macos-x86_64 | 0.8.7 | NOTE | ||||
r-oldrel-windows-ix86+x86_64 | 0.8.7 | 163.00 | 707.00 | 870.00 | NOTE |
Version: 0.8.7
Check: installed package size
Result: NOTE
installed size is 5.6Mb
sub-directories of 1Mb or more:
help 1.0Mb
libs 2.2Mb
Flavors: r-release-macos-arm64, r-release-macos-x86_64, r-oldrel-macos-arm64, r-oldrel-macos-x86_64, r-oldrel-windows-ix86+x86_64