Last updated on 2022-04-24 03:52:39 CEST.
Flavor | Version | Tinstall | Tcheck | Ttotal | Status | Flags |
---|---|---|---|---|---|---|
r-devel-linux-x86_64-debian-clang | 1.2.3 | 46.62 | 420.91 | 467.53 | OK | |
r-devel-linux-x86_64-debian-gcc | 1.2.3 | 36.12 | 306.85 | 342.97 | OK | |
r-devel-linux-x86_64-fedora-clang | 1.2.3 | 506.92 | NOTE | |||
r-devel-linux-x86_64-fedora-gcc | 1.2.3 | 572.33 | OK | |||
r-patched-linux-x86_64 | 1.2.3 | 45.59 | 400.35 | 445.94 | OK | |
r-release-linux-x86_64 | 1.2.3 | 38.98 | 365.98 | 404.96 | OK | |
r-release-macos-arm64 | 1.2.3 | ERROR | ||||
r-release-macos-x86_64 | 1.2.3 | OK | ||||
r-release-windows-x86_64 | 1.2.3 | 53.00 | 394.00 | 447.00 | OK | |
r-oldrel-macos-arm64 | 1.2.3 | ERROR | ||||
r-oldrel-macos-x86_64 | 1.2.3 | OK | ||||
r-oldrel-windows-ix86+x86_64 | 1.2.3 | 96.00 | 398.00 | 494.00 | OK |
Version: 1.2.3
Check: package dependencies
Result: NOTE
Imports includes 23 non-default packages.
Importing from so many packages makes the package vulnerable to any of
them becoming unavailable. Move as many as possible to Suggests and
use conditionally.
Flavor: r-devel-linux-x86_64-fedora-clang
Version: 1.2.3
Check: whether package can be installed
Result: ERROR
Installation failed.
Flavors: r-release-macos-arm64, r-oldrel-macos-arm64