Last updated on 2022-04-24 03:52:39 CEST.
Flavor | Version | Tinstall | Tcheck | Ttotal | Status | Flags |
---|---|---|---|---|---|---|
r-devel-linux-x86_64-debian-clang | 0.2.0 | 21.72 | 311.50 | 333.22 | OK | |
r-devel-linux-x86_64-debian-gcc | 0.2.0 | 15.54 | 226.44 | 241.98 | OK | |
r-devel-linux-x86_64-fedora-clang | 0.2.0 | 376.73 | NOTE | |||
r-devel-linux-x86_64-fedora-gcc | 0.2.0 | 362.09 | NOTE | |||
r-patched-linux-x86_64 | 0.2.0 | 22.29 | 283.17 | 305.46 | OK | |
r-release-linux-x86_64 | 0.2.0 | 14.76 | 291.92 | 306.68 | OK | |
r-release-macos-arm64 | 0.2.0 | NOTE | ||||
r-release-macos-x86_64 | 0.2.0 | NOTE | ||||
r-release-windows-x86_64 | 0.2.0 | 67.00 | 327.00 | 394.00 | OK | |
r-oldrel-macos-arm64 | 0.2.0 | NOTE | ||||
r-oldrel-macos-x86_64 | 0.2.0 | NOTE | ||||
r-oldrel-windows-ix86+x86_64 | 0.2.0 | 40.00 | 320.00 | 360.00 | OK |
Version: 0.2.0
Check: data for non-ASCII characters
Result: NOTE
Note: found 1 marked UTF-8 string
Flavors: r-devel-linux-x86_64-fedora-clang, r-devel-linux-x86_64-fedora-gcc, r-release-macos-arm64, r-release-macos-x86_64, r-oldrel-macos-arm64, r-oldrel-macos-x86_64
Version: 0.2.0
Check: package dependencies
Result: NOTE
Package suggested but not available for checking: ‘Rsymphony’
Flavors: r-release-macos-arm64, r-oldrel-macos-arm64