Last updated on 2022-04-24 03:52:39 CEST.
Flavor | Version | Tinstall | Tcheck | Ttotal | Status | Flags |
---|---|---|---|---|---|---|
r-devel-linux-x86_64-debian-clang | 1.4 | 4.90 | 62.41 | 67.31 | NOTE | |
r-devel-linux-x86_64-debian-gcc | 1.4 | 3.66 | 48.46 | 52.12 | NOTE | |
r-devel-linux-x86_64-fedora-clang | 1.4 | 82.69 | NOTE | |||
r-devel-linux-x86_64-fedora-gcc | 1.4 | 68.71 | NOTE | |||
r-patched-linux-x86_64 | 1.4 | 4.69 | 61.01 | 65.70 | NOTE | |
r-release-linux-x86_64 | 1.4 | 4.55 | 59.06 | 63.61 | NOTE | |
r-release-macos-arm64 | 1.4 | NOTE | ||||
r-release-macos-x86_64 | 1.4 | NOTE | ||||
r-release-windows-x86_64 | 1.4 | 11.00 | 88.00 | 99.00 | NOTE | |
r-oldrel-macos-arm64 | 1.4 | NOTE | ||||
r-oldrel-macos-x86_64 | 1.4 | NOTE | ||||
r-oldrel-windows-ix86+x86_64 | 1.4 | 9.00 | 71.00 | 80.00 | NOTE |
Version: 1.4
Check: R code for possible problems
Result: NOTE
StratPhyloCongruence: no visible global function definition for 'runif'
StratPhyloCongruence: no visible global function definition for
'txtProgressBar'
StratPhyloCongruence: no visible global function definition for
'setTxtProgressBar'
StratPhyloCongruence: no visible global function definition for 'pnorm'
StratPhyloCongruence: no visible global function definition for 'sd'
geoscalePhylo: no visible global function definition for 'data'
geoscalePhylo: no visible global function definition for 'par'
geoscalePhylo: no visible global function definition for 'text'
geoscalePhylo: no visible global function definition for 'segments'
geoscalePhylo: no visible global function definition for 'rect'
geoscalePhylo: no visible global function definition for 'rgb'
Undefined global functions or variables:
data par pnorm rect rgb runif sd segments setTxtProgressBar text
txtProgressBar
Consider adding
importFrom("grDevices", "rgb")
importFrom("graphics", "par", "rect", "segments", "text")
importFrom("stats", "pnorm", "runif", "sd")
importFrom("utils", "data", "setTxtProgressBar", "txtProgressBar")
to your NAMESPACE file.
Flavors: r-devel-linux-x86_64-debian-clang, r-devel-linux-x86_64-debian-gcc, r-devel-linux-x86_64-fedora-clang, r-devel-linux-x86_64-fedora-gcc, r-patched-linux-x86_64, r-release-linux-x86_64, r-release-macos-arm64, r-release-macos-x86_64, r-release-windows-x86_64, r-oldrel-macos-arm64, r-oldrel-macos-x86_64, r-oldrel-windows-ix86+x86_64