Last updated on 2022-04-24 03:52:39 CEST.
Flavor | Version | Tinstall | Tcheck | Ttotal | Status | Flags |
---|---|---|---|---|---|---|
r-devel-linux-x86_64-debian-clang | 0.1 | 25.46 | 49.10 | 74.56 | OK | |
r-devel-linux-x86_64-debian-gcc | 0.1 | 24.69 | 37.58 | 62.27 | OK | |
r-devel-linux-x86_64-fedora-clang | 0.1 | 104.74 | NOTE | |||
r-devel-linux-x86_64-fedora-gcc | 0.1 | 87.23 | NOTE | |||
r-patched-linux-x86_64 | 0.1 | 20.91 | 46.72 | 67.63 | OK | |
r-release-linux-x86_64 | 0.1 | 18.92 | 45.26 | 64.18 | OK | |
r-release-macos-arm64 | 0.1 | OK | ||||
r-release-macos-x86_64 | 0.1 | OK | ||||
r-release-windows-x86_64 | 0.1 | 30.00 | 88.00 | 118.00 | OK | |
r-oldrel-macos-arm64 | 0.1 | OK | ||||
r-oldrel-macos-x86_64 | 0.1 | OK | ||||
r-oldrel-windows-ix86+x86_64 | 0.1 | 73.00 | 91.00 | 164.00 | OK |
Version: 0.1
Check: compiled code
Result: NOTE
File ‘strat/libs/strat.so’:
Found no calls to: ‘R_registerRoutines’, ‘R_useDynamicSymbols’
It is good practice to register native routines and to disable symbol
search.
See ‘Writing portable packages’ in the ‘Writing R Extensions’ manual.
Flavors: r-devel-linux-x86_64-fedora-clang, r-devel-linux-x86_64-fedora-gcc