Last updated on 2022-04-24 03:52:39 CEST.
Flavor | Version | Tinstall | Tcheck | Ttotal | Status | Flags |
---|---|---|---|---|---|---|
r-devel-linux-x86_64-debian-clang | 1.1.4 | 129.99 | 70.05 | 200.04 | OK | |
r-devel-linux-x86_64-debian-gcc | 1.1.4 | 111.81 | 51.79 | 163.60 | OK | |
r-devel-linux-x86_64-fedora-clang | 1.1.4 | 287.58 | NOTE | |||
r-devel-linux-x86_64-fedora-gcc | 1.1.4 | 241.47 | OK | |||
r-patched-linux-x86_64 | 1.1.4 | 104.21 | 68.01 | 172.22 | OK | |
r-release-linux-x86_64 | 1.1.4 | 107.02 | 65.24 | 172.26 | OK | |
r-release-macos-arm64 | 1.1.4 | NOTE | ||||
r-release-macos-x86_64 | 1.1.4 | NOTE | ||||
r-release-windows-x86_64 | 1.1.4 | 116.00 | 111.00 | 227.00 | OK | |
r-oldrel-macos-arm64 | 1.1.4 | NOTE | ||||
r-oldrel-macos-x86_64 | 1.1.4 | NOTE | ||||
r-oldrel-windows-ix86+x86_64 | 1.1.4 | 253.00 | 115.00 | 368.00 | OK |
Version: 1.1.4
Check: installed package size
Result: NOTE
installed size is 7.5Mb
sub-directories of 1Mb or more:
libs 6.3Mb
Flavors: r-devel-linux-x86_64-fedora-clang, r-release-macos-arm64, r-release-macos-x86_64, r-oldrel-macos-arm64, r-oldrel-macos-x86_64