Last updated on 2022-04-24 03:52:39 CEST.
Flavor | Version | Tinstall | Tcheck | Ttotal | Status | Flags |
---|---|---|---|---|---|---|
r-devel-linux-x86_64-debian-clang | 1.2 | 1.98 | 34.27 | 36.25 | NOTE | |
r-devel-linux-x86_64-debian-gcc | 1.2 | 2.12 | 26.57 | 28.69 | NOTE | |
r-devel-linux-x86_64-fedora-clang | 1.2 | 45.67 | NOTE | |||
r-devel-linux-x86_64-fedora-gcc | 1.2 | 33.29 | NOTE | |||
r-patched-linux-x86_64 | 1.2 | 2.59 | 33.31 | 35.90 | NOTE | |
r-release-linux-x86_64 | 1.2 | 1.74 | 32.40 | 34.14 | NOTE | |
r-release-macos-arm64 | 1.2 | NOTE | ||||
r-release-macos-x86_64 | 1.2 | NOTE | ||||
r-release-windows-x86_64 | 1.2 | 10.00 | 59.00 | 69.00 | NOTE | |
r-oldrel-macos-arm64 | 1.2 | NOTE | ||||
r-oldrel-macos-x86_64 | 1.2 | NOTE | ||||
r-oldrel-windows-ix86+x86_64 | 1.2 | 6.00 | 46.00 | 52.00 | NOTE |
Version: 1.2
Check: LazyData
Result: NOTE
'LazyData' is specified without a 'data' directory
Flavors: r-devel-linux-x86_64-debian-clang, r-devel-linux-x86_64-debian-gcc, r-devel-linux-x86_64-fedora-clang, r-devel-linux-x86_64-fedora-gcc, r-patched-linux-x86_64, r-release-linux-x86_64, r-release-macos-arm64, r-release-macos-x86_64, r-release-windows-x86_64, r-oldrel-macos-arm64, r-oldrel-macos-x86_64, r-oldrel-windows-ix86+x86_64