Last updated on 2022-04-24 03:52:39 CEST.
Flavor | Version | Tinstall | Tcheck | Ttotal | Status | Flags |
---|---|---|---|---|---|---|
r-devel-linux-x86_64-debian-clang | 0.0.9 | 24.07 | 35.28 | 59.35 | OK | |
r-devel-linux-x86_64-debian-gcc | 0.0.9 | 18.83 | 28.07 | 46.90 | OK | |
r-devel-linux-x86_64-fedora-clang | 0.0.9 | 80.69 | OK | |||
r-devel-linux-x86_64-fedora-gcc | 0.0.9 | 63.10 | OK | |||
r-patched-linux-x86_64 | 0.0.9 | 18.35 | 34.99 | 53.34 | OK | |
r-release-linux-x86_64 | 0.0.9 | 19.63 | 32.95 | 52.58 | OK | |
r-release-macos-arm64 | 0.0.9 | OK | ||||
r-release-macos-x86_64 | 0.0.9 | OK | ||||
r-release-windows-x86_64 | 0.0.9 | 34.00 | 104.00 | 138.00 | NOTE | |
r-oldrel-macos-arm64 | 0.0.9 | OK | ||||
r-oldrel-macos-x86_64 | 0.0.9 | OK | ||||
r-oldrel-windows-ix86+x86_64 | 0.0.9 | 68.00 | 75.00 | 143.00 | NOTE |
Version: 0.0.9
Check: installed package size
Result: NOTE
installed size is 5.4Mb
sub-directories of 1Mb or more:
libs 4.6Mb
Flavors: r-release-windows-x86_64, r-oldrel-windows-ix86+x86_64