Last updated on 2022-04-24 03:52:39 CEST.
Flavor | Version | Tinstall | Tcheck | Ttotal | Status | Flags |
---|---|---|---|---|---|---|
r-devel-linux-x86_64-debian-clang | 0.0.4 | 161.27 | 33.23 | 194.50 | OK | |
r-devel-linux-x86_64-debian-gcc | 0.0.4 | 129.90 | 25.52 | 155.42 | OK | |
r-devel-linux-x86_64-fedora-clang | 0.0.4 | 269.58 | NOTE | |||
r-devel-linux-x86_64-fedora-gcc | 0.0.4 | 265.64 | NOTE | |||
r-patched-linux-x86_64 | 0.0.4 | 159.08 | 32.03 | 191.11 | OK | |
r-release-linux-x86_64 | 0.0.4 | 157.32 | 30.77 | 188.09 | OK | |
r-release-macos-arm64 | 0.0.4 | NOTE | ||||
r-release-macos-x86_64 | 0.0.4 | NOTE | ||||
r-release-windows-x86_64 | 0.0.4 | 18.00 | 76.00 | 94.00 | OK | |
r-oldrel-macos-arm64 | 0.0.4 | NOTE | ||||
r-oldrel-macos-x86_64 | 0.0.4 | NOTE | ||||
r-oldrel-windows-ix86+x86_64 | 0.0.4 | 16.00 | 73.00 | 89.00 | OK |
Version: 0.0.4
Check: dependencies in R code
Result: NOTE
Namespace in Imports field not imported from: ‘tibble’
All declared Imports should be used.
Flavors: r-devel-linux-x86_64-fedora-clang, r-devel-linux-x86_64-fedora-gcc, r-release-macos-arm64, r-release-macos-x86_64, r-oldrel-macos-arm64, r-oldrel-macos-x86_64
Version: 0.0.4
Check: installed package size
Result: NOTE
installed size is 6.7Mb
sub-directories of 1Mb or more:
libs 6.4Mb
Flavors: r-release-macos-arm64, r-release-macos-x86_64, r-oldrel-macos-arm64, r-oldrel-macos-x86_64